3. Give l(-10).
-17
Let h(x) = -3*x**3 - 25*x**2 - 29*x + 77. Determine h(-6).
-1
Let z(d) = -164*d - 4388. Give z(-25).
-288
Let c(p) = -p**3 - 14*p**2 - 4*p - 19. Determine c(-13).
-136
Let x(i) = -i**2 - 118*i - 2310. Calculate x(-94).
-54
Let t(l) = -l**3 + 41*l**2 + 95*l - 402. Determine t(43).
-15
Let x(t) = -9*t + 198. What is x(21)?
9
Let j(z) = 2*z**2 + 72*z + 47. What is j(0)?
47
Let v(l) = 10*l - 55. Determine v(4).
-15
Let b(n) = 4*n**3 - 35*n**2 - 19*n - 877. What is b(11)?
3
Let f(x) = 2*x**3 - 94*x**2 + 349*x - 210. What is f(43)?
5
Let q(b) = 2*b + 38. What is q(-5)?
28
Let j(w) = 21*w**2 + 188*w - 4. Determine j(-9).
5
Let b(u) = -5*u**2 + 196*u - 195. What is b(1)?
-4
Let f(g) = g - 72. What is f(-12)?
-84
Let x(y) = y**3 + 42*y**2 + 403*y - 67. Determine x(-27).
-13
Let n(u) = -u**3 + 25*u**2 + 129*u - 4376. Calculate n(16).
-8
Let o(v) = 49*v - 657. Determine o(15).
78
Let y(l) = 8*l**3 - 28*l**2 - 2*l + 6. Give y(4).
62
Let x(h) = -h**2 - 65*h - 347. Calculate x(-59).
7
Let u(i) = -19*i**2 - 22*i - 11. Calculate u(5).
-596
Let b(x) = x**2 + 99*x + 569. Determine b(-6).
11
Let k(q) = 8*q - 250. What is k(31)?
-2
Let g(y) = 50*y**2 - 227*y - 4. What is g(4)?
-112
Let p(z) = -72*z - 923. Determine p(-13).
13
Let w(x) = -8*x**2 + 1556*x - 776. Calculate w(194).
0
Let d(g) = g**2 + 4*g + 45. Determine d(-5).
50
Let r(j) = 8*j**2 - 86*j - 141. Give r(13).
93
Let j(v) = v**3 + 2*v**2 - 34*v - 11. What is j(5)?
-6
Let w(c) = -9*c**2 - 98*c + 626. Determine w(7).
-501
Let w(q) = 185*q - 182. Give w(1).
3
Let s(k) = -2*k**2 + 88*k + 482. Calculate s(-5).
-8
Let h(c) = -30*c**2 - 19*c - 15. Give h(-1).
-26
Let a(x) = 3*x**3 + 17*x**2 - 39*x - 3. What is a(2)?
11
Let a(p) = 120*p - 1055. Give a(6).
-335
Let z(w) = 8*w**3 + 374*w**2 + 333*w + 2621. Determine z(-46).
-1
Let w(x) = -348*x + 432. Determine w(0).
432
Let a(q) = q**2 + 27*q - 45. Give a(-27).
-45
Let g(x) = -x**3 + 45*x**2 - 45*x + 29. Determine g(44).
-15
Let c(g) = 5*g**2 - 337*g - 360. Give c(68).
-156
Let z(k) = -218*k + 2778. Calculate z(13).
-56
Let z(w) = -110*w + 13. Calculate z(5).
-537
Let v(x) = -35*x**3 - 67*x**2 + 214*x + 418. Determine v(-2).
2
Let h(t) = 16*t - 671. What is h(28)?
-223
Let p(n) = 9*n + 26. Calculate p(22).
224
Let b(r) = -567*r + 559. Calculate b(1).
-8
Let u(i) = 4*i - 903. Calculate u(58).
-671
Let f(y) = -104*y - 427. Give f(-4).
-11
Let u(l) = -l**2 + 8*l + 14. Calculate u(13).
-51
Let l(v) = 40*v - 1339. Determine l(34).
21
Let a(j) = -j**3 + 542*j**2 - 2154*j + 8. Determine a(4).
0
Let f(l) = 3*l**2 - 23*l - 39. Determine f(10).
31
Let a(b) = 7*b**3 + 6*b**2 - 18*b + 4. Calculate a(2).
48
Let o(j) = j**2 + 773*j - 10193. Calculate o(13).
25
Let p(k) = 166*k + 1322. Calculate p(-8).
-6
Let w(o) = o**3 + 2*o**2 + 8*o + 243. Determine w(0).
243
Let m(a) = 91*a - 934. Calculate m(8).
-206
Let c(a) = a**3 - 2*a**2 - 6*a + 64. Give c(6).
172
Let z(f) = -f**3 + 18*f**2 - 45*f - 162. Determine z(14).
-8
Let m(v) = 85*v + 797. Determine m(-9).
32
Let m(x) = x**3 + x**2 - 96*x - 20. What is m(9)?
-74
Let g(a) = a**3 - 16*a**2 - 294*a - 79. Calculate g(27).
2
Let k(h) = -6*h**2 - 33*h + 191. Give k(6).
-223
Let t(y) = 42*y + 2196. Give t(-52).
12
Let n(w) = -19*w**2 - w - 11. What is n(0)?
-11
Let k(t) = t**3 + 6*t**2 - 18*t + 96. What is k(-9)?
15
Let o(m) = 22*m**3 + 908*m**2 + 246*m + 17. Give o(-41).
17
Let h(z) = z**3 - 85*z**2 + 679*z + 398. Calculate h(76).
18
Let z(o) = o**3 - 7*o**2 + 5*o - 37. Give z(7).
-2
Let h(t) = t**3 + 75*t**2 + 139*t - 29. What is h(-73)?
482
Let f(u) = 50*u**2 + 292*u - 71. Give f(-6).
-23
Let n(s) = -s**2 - 1120*s - 72513. What is n(-69)?
6
Let k(s) = 6*s**2 + 413*s - 487. Calculate k(-70).
3
Let y(x) = -4*x**2 + 65*x - 22. Give y(15).
53
Let z(w) = 7*w**2 + 4*w + 5. Give z(1).
16
Let i(d) = -4*d**2 + 169*d + 1358. What is i(-7)?
-21
Let j(i) = -786*i + 11798. What is j(15)?
8
Let f(l) = -l**2 - 245*l - 1435. Give f(-6).
-1
Let a(d) = -d**2 - 158*d + 1934. What is a(11)?
75
Let w(t) = t**2 - t - 255. Determine w(-14).
-45
Let a(w) = -53*w - 10068. Determine a(-190).
2
Let a(p) = p**3 - 14*p**2 + 7*p - 2. Determine a(6).
-248
Let a(j) = 500*j - 10969. What is a(22)?
31
Let x(a) = -13*a + 107. Calculate x(7).
16
Let m(v) = 129*v + 765. What is m(-6)?
-9
Let u(d) = d**3 + 23*d**2 + d + 151. Give u(-23).
128
Let u(f) = -f**3 + 22*f**2 - 71*f - 12. Determine u(18).
6
Let r(g) = -38*g + 711. Determine r(19).
-11
Let t(x) = x**2 + 86*x + 1269. Determine t(-67).
-4
Let x(m) = -m**2 - 6*m + 1035. Calculate x(-34).
83
Let n(q) = q**3 - 6*q**2 + 8*q + 9. What is n(5)?
24
Let l(v) = v**3 - 19*v**2 + 42*v - 155. Calculate l(17).
-19
Let u(l) = 81*l - 398. What is u(5)?
7
Let m(o) = o**3 - o**2 - 1694*o - 5040. Determine m(-3).
6
Let r(l) = -7*l**2 - 47*l + 42. Determine r(6).
-492
Let m(z) = -4*z**3 + 37*z**2 - 105*z + 84. Determine m(4).
0
Let m(x) = -1058*x - 20056. What is m(-19)?
46
Let l(i) = -139*i**2 - 81*i + 74. What is l(1)?
-146
Let d(y) = 29*y**3 - 7*y**2 + 2*y + 8. Determine d(-2).
-256
Let r(p) = -p**2 - 81*p - 893. Determine r(-68).
-9
Let z(d) = -44*d - 486. Give z(-11).
-2
Let u(w) = -33*w + 251. What is u(8)?
-13
Let x(w) = -w**2 - 348*w - 1708. Calculate x(-5).
7
Let j(t) = -t**2 + 21*t - 71. What is j(5)?
9
Let t(y) = -865*y - 16486. Determine t(-19).
-51
Let q(t) = -93*t + 93. Give q(1).
0
Let m(i) = -6*i - 43. What is m(12)?
-115
Let k(g) = -2*g**3 + 140*g**2 + 31*g - 2165. Calculate k(70).
5
Let a(t) = -t**3 - 12*t**2 - 40*t - 254. Calculate a(-9).
-137
Let w(r) = -61*r - 68. What is w(-20)?
1152
Let s(b) = 9*b - 725. Calculate s(-18).
-887
Let h(n) = -1462*n - 11691. Give h(-8).
5
Let q(o) = -o**3 + 59*o**2 - 60*o + 81. What is q(58)?
-35
Let x(y) = 1489*y + 147406. Calculate x(-99).
-5
Let t(p) = -878*p + 3533. Give t(4).
21
Let b(a) = -38*a - 1949. Give b(-51).
-11
Let n(w) = -w**3 - 18*w**2 + w - 6. Determine n(-19).
336
Let u(i) = -i**3 + i**2 + 132*i - 3. What is u(12)?
-3
Let d(m) = -155*m - 1399. Give d(-9).
-4
Let k(w) = w**2 - 538*w - 11724. Determine k(-21).
15
Let i(x) = 907*x**3 + 8*x**2 + 9*x + 1. What is i(-1)?
-907
Let x(n) = 2*n**3 - 55*n**2 + 83*n - 115. Give x(26).
15
Let k(s) = -s**3 - 39*s**2 - 43*s + 86. Determine k(-38).
276
Let y(b) = -6*b**2 - 6250*b - 12502. Give y(-2).
-26
Let r(k) = 430*k - 114. Calculate r(-1).
-544
Let y(t) = 126*t + 2276. What is y(-18)?
8
Let k(n) = n**2 + 9*n + 12. Give k(-2).
-2
Let m(d) = -26*d**3 - 4861*d**2 + 197*d + 1872. What is m(-187)?
2
Let q(m) = -m**3 + 17*m**2 + 84*m + 20. Give q(21).
20
Let i(v) = -v - 2. What is i(8)?
-10
Let n(z) = -7*z**2 + 7*z - 67. What is n(4)?
-151
Let u(w) = 3*w**3 - 7*w**2 + 216*w - 615. Determine u(3).
51
Let d(r) = 54*r + 394. Determine d(-6).
70
Let l(h) = -32*h - 502. Determine l(-21).
170
Let l(g) = -49*g - 5291. Give l(-108).
1
Let d(k) = -96*k - 601. Give d(-7).
71
Let o(z) = 11*z**2 - 93*z + 5. What is o(5)?
-185
Let z(w) = -23*w - 696. Calculate z(-30).
-6
Let m(g) = 115*g + 47. What is m(1)?
162
Let f(k) = -2*k**2 + 19*k - 74. Determine f(5).
-29
Let r(m) = 266*m - 62233. Determine r(234).
11
Let x(f) = -f**3 - 14*f**2 + 99*f + 84. Give x(-19).
8
Let s(r) = -9*r - 69. What is s(-58)?
453
Let l(j) = 17*j + 2128. What is l(-126)?
-14
Let i(w) = w**2 - 32*w + 2. Determine i(0).
2
Let t(o) = 2*o**3 + 16*o**2 - 11*o - 99. What is t(-9)?
-162
Let p(x) = 4*x + 76. Determine p(-17).
8
Let j(x) = -x**2 + 16*x - 144. What is j(8)?
-80
Let w(m) = 587*m + 136770. What is w(-233)?
-1
Let c(f) = f**3 + 16*f**2 - 52*f + 93. Calculate c(-19).
-2
Let h(f) = -f**3 + 10*f**2 - 95*f + 756. What is h(9)?
-18
Let j(l) = 68*l**3 + 3*l**2 - 57*l - 59. Give j(-1).
-67
Let z(r) = -r**3 - 31*r**2 + 3*r + 60. Give z(-31).
-33
Let v(h) = 13*h - 546. What is v(30)?
-156
Let x(m) = -320*m + 607. What is x(2)?
-33
Let n(z) = 237*z - 2895. What is n(13)?
186
Let k(h) = 24*h - 516. Determine k(23).
36
Let o(r) = 3*r**3 - 15*r**2 + 21*r + 6. Give o(3).
15
Let l(t) = -5530*t - 176965. What is l(-32)?
-5
Let v(g) = -1001*g + 3045. Calculate v(3).
42
Let m(o) = -29*o**2 - 46*o + 9. Calculate m(-3).
-114
Let y(z) = 3*z**2 + 105*z + 934. Give y(-18).
16
Let r(i) = 111*i**2 + 4019*i + 827. Determine r(-36).
-1
Let s(o) = -29*o + 28. What is 